1016 = 0. List the prime factors of j.
2, 53
Let n(r) = 23*r + 47 - 24 + 9*r + 86*r. List the prime factors of n(7).
3, 283
Let t(v) be the third derivative of v**5/40 + 19*v**4/12 + 13*v**3/6 - 9*v**2. Let u(i) be the first derivative of t(i). List the prime factors of u(11).
71
Let t(q) = -q**3 - 20*q**2 + 35*q + 2. Let a(w) = -5*w**3 - 81*w**2 + 141*w + 9. Let h(b) = 2*a(b) - 9*t(b). What are the prime factors of h(15)?
2, 3, 5
Suppose 0 = 3*k + 519 + 201. List the prime factors of (-10182)/(-16) - (-90)/k.
2, 3, 53
Let n(z) = -47 - 10*z - 35*z - 19 + 141 + 116. List the prime factors of n(-14).
821
List the prime factors of ((-28255)/22 - 26/143)*64/(-56).
2, 367
Let n(x) = x**2 + 247*x + 1324. List the prime factors of n(86).
2, 71, 211
Suppose -17802 - 285648 = -10*t. What are the prime factors of t?
3, 5, 7, 17
Let a = 2181 + -1553. Suppose -24*u = -25*u - 2*z + 618, -u - 4*z + a = 0. List the prime factors of u.
2, 19
What are the prime factors of -8186*59/59*-2*(-15)/(-12)?
5, 4093
Suppose 2471 = 20*w - 8009. Let p = w + -164. List the prime factors of p.
2, 3, 5
Suppose 0 = 15*x - 12*x + 4*t - 14084, -t = 3*x - 14069. List the prime factors of x.
2, 293
Suppose 5 = u, 3*u - 7 - 3 = 5*r. Let d(i) = 3*i**2 + 3*i + 2. Let v(k) = k**2. Let o(h) = r*d(h) + v(h). List the prime factors of o(3).
47
Suppose 2*c - 15 = 5*c, -5*c = 5*a - 290. Let i = a + -55. Suppose 54 = i*w - 6*w. What are the prime factors of w?
3
Let u be (-6)/(-4) + (-4)/8. Let q(g) = 1 + 6*g + 15*g + 28*g + 1 + 8*g. What are the prime factors of q(u)?
59
Let n be 0 + 1 + (-12048)/(-12). Let i = n - 465. Let w = i - 293. What are the prime factors of w?
13, 19
Let g be (-55170)/33 - ((-32)/(-22))/8. List the prime factors of g/(-7) + 4/28.
239
Suppose -5*z - 26 + 296 = 0. Suppose -47*n = -z*n + 1232. Suppose -5*d + 31 + 31 = o, -2*o + n = -3*d. What are the prime factors of o?
2, 41
Suppose -3*z + 6754 = f - 18903, -5*f = 5*z - 128325. What are the prime factors of f/76 + (-2)/(-8)?
2, 13
Let u(t) = -t**3 - 3*t**2 + 6. Let r be u(-3). Let v be 16/(-16)*(r - 0). What are the prime factors of (-2288)/(-60) - v/(-45)?
2, 19
Let l = 69 + -244. Let w = l - -437. Suppose -390 = -3*g + 2*x, -2*g + x = -x - w. What are the prime factors of g?
2
Let i = -38 - -154. Let b = i - -307. List the prime factors of b.
3, 47
Suppose 4*n + 4*l = 7 + 1, -2*n - 4*l - 2 = 0. List the prime factors of (2 + n/(-3))/((-1)/(-678)).
2, 113
Suppose -4*l + q - 4795 = 4*q, 5*l = 5*q - 5985. Let v = l - -2227. List the prime factors of v.
3, 7
Let b(o) = -o**3 - 17*o**2 + 17*o - 25. Suppose -s + 59 = -3*c, 0 = 5*c + 6*s - 7*s + 97. Let z be b(c). Suppose -6*j + z = -4*j. List the prime factors of j.
11, 17
Let h be 40/(-80)*(1 - 3). List the prime factors of 1033 - ((-10)/h)/2.
2, 3, 173
Let g = 6702 + -2177. List the prime factors of g.
5, 181
List the prime factors of (-2)/(-1) - -7613 - (-34 + (23 - -8)).
2, 13, 293
Suppose 44*v = 35*v. Suppose v = 2*t - 416 - 408. List the prime factors of t.
2, 103
List the prime factors of ((-1)/4)/(-1) - 1244014/(-296).
3, 467
Let d(f) = 12*f**2 + 2*f - 12. Let u = 114 - 120. List the prime factors of d(u).
2, 3, 17
Suppose 218431 = 7*l + 5*l + 11*l. What are the prime factors of l?
9497
Let z be (-4)/14 - 558549/(-189). Let f = 4338 - z. What are the prime factors of f?
3, 461
Let s(j) = 2. Let h(y) = 13*y - 35. Let p(u) = -2*h(u) + 6*s(u). What are the prime factors of p(-7)?
2, 3, 11
List the prime factors of 12545 + ((-21)/9 - 26/(-6)).
12547
Suppose -3*f + 82 = -2*t, 5*t + 3 = 8. Let j be (f/(-35))/((-1)/5). List the prime factors of j*(4 - (-51)/4).
67
Let n be (-2)/5 + (-44)/(-110). Suppose n = -63*u + 46357 + 52553. List the prime factors of u.
2, 5, 157
Let v(o) = -o + 55. Let i be v(18). Suppose 13*d + 21936 = i*d. List the prime factors of d.
2, 457
Let m = -516 + 108. Let j be (10/(-4))/(4/m). Suppose -49*c = -44*c - j. List the prime factors of c.
3, 17
Let i(x) = x**2 + 9*x - 8. Suppose 21 = b - 14. Suppose -o + b = 5*h, 3*o + 4 = 5*h - 31. What are the prime factors of i(h)?
2, 13
Suppose k = 2*w + 195, 2*k + 212 = -3*w - 70. List the prime factors of w*(8/(-12) - 6).
2, 5
Let o(q) = 1014*q**2 + 64*q + 127. List the prime factors of o(-2).
5, 811
Let l = 224 - 210. Let r(k) = -k**3 + 14*k**2 + 12*k - 31. What are the prime factors of r(l)?
137
Suppose 4*p - 4*z = 120, -2*p - z + 51 = -6*z. Let j = -13 + p. List the prime factors of (0 - j)*(-12)/8.
2, 3, 5
Suppose 3*a = -3*n + 12, -4*a = -3*n - 1 + 13. Let r be (-1614)/(-12) - (-2)/n. Let h = -33 + r. List the prime factors of h.
2, 3, 17
Let u(x) = 3*x**2 + 4*x - 38. Let q be u(17). Suppose q = 4*b - 1871. Suppose 6*s - 34 - b = 0. List the prime factors of s.
11
Suppose -11 = 5*o - 31. Suppose h - 1092 = 5*f, -4*h - 2*f + o*f + 4440 = 0. List the prime factors of h.
2, 139
Suppose 5*q = 370 - 350. Suppose 0 = -q*j - 682 - 734. Let p = -182 - j. List the prime factors of p.
2, 43
Let p = 20 - 7. Suppose -p*i + 15*i + 2*a - 1314 = 0, 0 = -3*a - 9. List the prime factors of i.
2, 3, 5, 11
Let k = -12 - -15. Suppose 4*y - 3*q + 56 = 8*y, y = k*q + 14. Suppose -y = -w + 76. List the prime factors of w.
2, 3, 5
Suppose -o = -r + 872, -2*r + 3*o + o + 1734 = 0. Suppose 3*b - 1640 = 5*t, -4*b + 3056 = t + r. List the prime factors of b.
5, 109
Let c(f) = 6*f**2 + 100*f - 19. List the prime factors of c(31).
3, 983
Let y = 28 + 9. Let f = y - -23. Let w = f - 24. What are the prime factors of w?
2, 3
Suppose -4*i + i + 2*h = -13619, 5*i = 2*h + 22693. What are the prime factors of i?
13, 349
Let l(u) = 102*u**3 - u**2. Let y be 2*(-1 + (-18 - 4)). Let o = y - -47. List the prime factors of l(o).
101
Let n(x) = 2*x**3 - 9*x**2 + 15. Let p be n(4). Let a(y) be the third derivative of -73*y**4/12 - y**3/6 - y**2. List the prime factors of a(p).
5, 29
Let p = 428 + -313. Let s = p + 148. List the prime factors of s.
263
Let x(y) = -y + 3. Let b(a) = -58*a - 164. Let w(n) = b(n) + 4*x(n). List the prime factors of w(-5).
2, 79
Let j = 13853 + -1918. What are the prime factors of j?
5, 7, 11, 31
Suppose b + 12 = -2*b. List the prime factors of ((-10)/(-15))/(b/(-486)).
3
What are the prime factors of 132 + -147 - (-1 + -11845)?
11831
Let a(n) = 134*n - 8. Let b be a(4). Let h = 877 - b. Let g = -214 + h. List the prime factors of g.
3, 5
Let w = -35 - -33. Let y be -2283*(-1)/(-6)*w. Suppose 4*h = y + 51. What are the prime factors of h?
7, 29
Let q(b) = b**2 - 3*b + 2. Let v be q(3). Suppose 0*z = z - 5. Suppose z*l + 31 = 2*t, -v*t + 2*l - 6*l + 40 = 0. What are the prime factors of t?
2, 3
Let k = -672 + 1195. Suppose -514*z = -515*z + k. List the prime factors of z.
523
Let f be 4 + (0 - 4/2). Let c be (204/15 - f/(-5)) + -3. Suppose 0 = c*z - 2*z - 756. What are the prime factors of z?
2, 3, 7
Let i = -6400 - -3295. What are the prime factors of i/(-5) + 6 + -3?
2, 3, 13
Let i(u) = u**2 - 5*u + 8. Let n be i(3). Let c be (4992/(-120))/(n/(-10)). Suppose -2*l + 708 = c. What are the prime factors of l?
2, 5
Let y(z) = 5*z**3 - 6*z**2 + 38*z + 170. What are the prime factors of y(13)?
3, 5, 709
Let n be 2128/(-168)*(1 - (-2)/4). Let s(c) = c + 43. Let j be s(n). Suppose -j*p + 665 = -19*p. List the prime factors of p.
7, 19
Let x(v) = 5 + 9 - 3*v + 4*v. Let a be 168/(-28) - 22/(-2). List the prime factors of x(a).
19
Let w(m) = 9*m**3 + 4*m**2 - 7*m - 1. Let f be w(3). Let l(n) = 38*n + 1. Let o be l(4). Let t = f - o. List the prime factors of t.
2, 13
Suppose 2*v = -3*n + 18242, 4*n + 6*v - 3*v = 24325. What are the prime factors of n?
2, 7, 31
Let s = 313 - 309. Suppose 0 = -s*l - g + 1580, 5*l - 5*g - 972 = 1028. List the prime factors of l.
2, 3, 11
Let p(u) = 36*u - 6. Let r(k) = k**2 + 7*k + 4. Let g be r(-7). Let i be p(g). Let s = i - 55. What are the prime factors of s?
83
Suppose 41172 + 386598 + 151534 = 88*k. What are the prime factors of k?
29, 227
Let t = 11663 - 2227. What are the prime factors of t?
2, 7, 337
Let o(q) = 7*q**2 + 13*q - 61. Let l be o(4). Suppose 0 = -4*h - 256 + 56. Let x = h + l. List the prime factors of x.
53
Let n = 61 + -61. Suppose 4*x - z - 12 = n, -5*z = -3 - 17. Suppose -p + 267 = -4*r + 1154, -203 = -r + x*p. What are the prime factors of r?
223
Suppose -s =